{"id":7214,"date":"2022-05-28T14:38:40","date_gmt":"2022-05-28T12:38:40","guid":{"rendered":"https:\/\/terminologiframjandet.se\/h552a9FtZ\/?page_id=7214"},"modified":"2023-12-23T18:24:01","modified_gmt":"2023-12-23T17:24:01","slug":"medlemsansokan","status":"publish","type":"page","link":"https:\/\/terminologiframjandet.se\/h552a9FtZ\/medlemsansokan\/","title":{"rendered":"Medlemsans\u00f6kan"},"content":{"rendered":"\n<p>H\u00e4r kan du ans\u00f6ka om medlemskap i Terminologifr\u00e4mjandet. B\u00f6rja med att skapa ett anv\u00e4ndarkonto p\u00e5 denna webbplats.<\/p>\n\n\n\n<p>Om vi bekr\u00e4ftar ditt medlemskap \u2013 besked kommer inom tv\u00e5 veckor \u2013 kan du betala medlemsavgiften, 200 kr f\u00f6r ett \u00e5r.<\/p>\n\n\n\n<div id=\"s2p-form\"><\/div><!-- This is for hash anchors; do NOT remove please. -->\n\n<form id=\"s2member-pro-paypal-registration-form\" class=\"s2member-pro-paypal-form s2member-pro-paypal-registration-form\" method=\"post\" action=\"\/h552a9FtZ\/wp-json\/wp\/v2\/pages\/7214\" autocomplete=\"off\">\n\n\t<!-- Response Section (this is auto-filled after form submission). -->\n\t<div id=\"s2member-pro-paypal-registration-form-response-section\" class=\"s2member-pro-paypal-form-section s2member-pro-paypal-registration-form-section s2member-pro-paypal-form-response-section s2member-pro-paypal-registration-form-response-section\">\n\t\t<div id=\"s2member-pro-paypal-registration-form-response-div\" class=\"s2member-pro-paypal-form-div s2member-pro-paypal-registration-form-div s2member-pro-paypal-form-response-div s2member-pro-paypal-registration-form-response-div\">\n\t\t\t\n\t\t<\/div>\n\t\t<div style=\"clear:both;\"><\/div>\n\t<\/div>\n\n\t<!-- Options Section (this is filled by Shortcode options; when\/if specified). -->\n\t<div id=\"s2member-pro-paypal-registration-form-options-section\" class=\"s2member-pro-paypal-form-section s2member-pro-paypal-registration-form-section s2member-pro-paypal-form-options-section s2member-pro-paypal-registration-form-options-section\">\n\t\t<div id=\"s2member-pro-paypal-registration-form-options-section-title\" class=\"s2member-pro-paypal-form-section-title s2member-pro-paypal-registration-form-section-title s2member-pro-paypal-form-options-section-title s2member-pro-paypal-registration-form-options-section-title\">\n\t\t\tRegistration Options\t\t<\/div>\n\t\t<div id=\"s2member-pro-paypal-registration-form-options-div\" class=\"s2member-pro-paypal-form-div s2member-pro-paypal-registration-form-div s2member-pro-paypal-form-options-div s2member-pro-paypal-registration-form-options-div\">\n\t\t\t<select name=\"s2p-option\" id=\"s2member-pro-paypal-registration-options\" class=\"s2member-pro-paypal-options s2member-pro-paypal-registration-options form-control\" tabindex=\"-1\">\n\t\t\t\t\n\t\t\t<\/select>\n\t\t<\/div>\n\t\t<div style=\"clear:both;\"><\/div>\n\t<\/div>\n\n\t<!-- Registration Description (this is the desc=\"\" attribute from your Shortcode). -->\n\t<div id=\"s2member-pro-paypal-registration-form-description-section\" class=\"s2member-pro-paypal-form-section s2member-pro-paypal-registration-form-section s2member-pro-paypal-form-description-section s2member-pro-paypal-registration-form-description-section\">\n\t\t<div id=\"s2member-pro-paypal-registration-form-description-div\" class=\"s2member-pro-paypal-form-div s2member-pro-paypal-registration-form-div s2member-pro-paypal-form-description-div s2member-pro-paypal-registration-form-description-div\">\n\t\t\t\n\t\t<\/div>\n\t\t<div style=\"clear:both;\"><\/div>\n\t<\/div>\n\n\t<!-- Registration Details (Name, Email, Username, Password). -->\n\t<!-- Name fields will be hidden automatically when\/if your Registration\/Profile Field options dictate this behavior. -->\n\t<div id=\"s2member-pro-paypal-registration-form-registration-section\" class=\"s2member-pro-paypal-form-section s2member-pro-paypal-registration-form-section s2member-pro-paypal-form-registration-section s2member-pro-paypal-registration-form-registration-section\">\n\t\t<div id=\"s2member-pro-paypal-registration-form-registration-section-title\" class=\"s2member-pro-paypal-form-section-title s2member-pro-paypal-registration-form-section-title s2member-pro-paypal-form-registration-section-title s2member-pro-paypal-registration-form-registration-section-title\">\n\t\t\tSkapa anv\u00e4ndarkonto\t\t<\/div>\n\t\t<div id=\"s2member-pro-paypal-registration-form-first-name-div\" class=\"s2member-pro-paypal-form-div s2member-pro-paypal-registration-form-div s2member-pro-paypal-form-first-name-div s2member-pro-paypal-registration-form-first-name-div\">\n\t\t\t<label for=\"s2member-pro-paypal-registration-first-name\" id=\"s2member-pro-paypal-registration-form-first-name-label\" class=\"s2member-pro-paypal-form-first-name-label s2member-pro-paypal-registration-form-first-name-label\">\n\t\t\t\t<span>F\u00f6rnamn *<\/span><br \/>\n\t\t\t\t<input type=\"text\" aria-required=\"true\" maxlength=\"100\" autocomplete=\"off\" name=\"s2member_pro_paypal_registration[first_name]\" id=\"s2member-pro-paypal-registration-first-name\" class=\"s2member-pro-paypal-first-name s2member-pro-paypal-registration-first-name form-control\" value=\"\" tabindex=\"10\" \/>\n\t\t\t<\/label>\n\t\t<\/div>\n\t\t<div id=\"s2member-pro-paypal-registration-form-last-name-div\" class=\"s2member-pro-paypal-form-div s2member-pro-paypal-registration-form-div s2member-pro-paypal-form-last-name-div s2member-pro-paypal-registration-form-last-name-div\">\n\t\t\t<label for=\"s2member-pro-paypal-registration-last-name\" id=\"s2member-pro-paypal-registration-form-last-name-label\" class=\"s2member-pro-paypal-form-last-name-label s2member-pro-paypal-registration-form-last-name-label\">\n\t\t\t\t<span>Efternamn *<\/span><br \/>\n\t\t\t\t<input type=\"text\" aria-required=\"true\" maxlength=\"100\" autocomplete=\"off\" name=\"s2member_pro_paypal_registration[last_name]\" id=\"s2member-pro-paypal-registration-last-name\" class=\"s2member-pro-paypal-last-name s2member-pro-paypal-registration-last-name form-control\" value=\"\" tabindex=\"20\" \/>\n\t\t\t<\/label>\n\t\t<\/div>\n\t\t<div id=\"s2member-pro-paypal-registration-form-email-div\" class=\"s2member-pro-paypal-form-div s2member-pro-paypal-registration-form-div s2member-pro-paypal-form-email-div s2member-pro-paypal-registration-form-email-div\">\n\t\t\t<label for=\"s2member-pro-paypal-registration-email\" id=\"s2member-pro-paypal-registration-form-email-label\" class=\"s2member-pro-paypal-form-email-label s2member-pro-paypal-registration-form-email-label\">\n\t\t\t\t<span>Mejladress *<\/span><br \/>\n\t\t\t\t<input type=\"email\" aria-required=\"true\" data-expected=\"email\" maxlength=\"100\" autocomplete=\"off\" name=\"s2member_pro_paypal_registration[email]\" id=\"s2member-pro-paypal-registration-email\" class=\"s2member-pro-paypal-email s2member-pro-paypal-registration-email form-control\" value=\"\" tabindex=\"30\" \/>\n\t\t\t<\/label>\n\t\t<\/div>\n\t\t<div id=\"s2member-pro-paypal-registration-form-username-div\" class=\"s2member-pro-paypal-form-div s2member-pro-paypal-registration-form-div s2member-pro-paypal-form-username-div s2member-pro-paypal-registration-form-username-div\">\n\t\t\t<label for=\"s2member-pro-paypal-registration-username\" id=\"s2member-pro-paypal-registration-form-username-label\" class=\"s2member-pro-paypal-form-username-label s2member-pro-paypal-registration-form-username-label\">\n\t\t\t\t<span>\u00d6nskat anv\u00e4ndarnamn (bara bokst\u00e4ver a-z, A-Z och punkt) *<\/span><br \/>\n\t\t\t\t<input type=\"text\" aria-required=\"true\" maxlength=\"60\" autocomplete=\"off\" name=\"s2member_pro_paypal_registration[username]\" id=\"s2member-pro-paypal-registration-username\" class=\"s2member-pro-paypal-username s2member-pro-paypal-registration-username form-control\" value=\"\" tabindex=\"40\" \/>\n\t\t\t<\/label>\n\t\t<\/div>\n\t\t<div id=\"s2member-pro-paypal-registration-form-password-div\" class=\"s2member-pro-paypal-form-div s2member-pro-paypal-registration-form-div s2member-pro-paypal-form-password-div s2member-pro-paypal-registration-form-password-div\">\n\t\t\t<label for=\"s2member-pro-paypal-registration-password1\" id=\"s2member-pro-paypal-registration-form-password-label\" class=\"s2member-pro-paypal-form-password-label s2member-pro-paypal-registration-form-password-label\">\n\t\t\t\t<span>Password (type this twice please) *<\/span><br \/>\n\t\t\t\t<input type=\"password\" aria-required=\"true\" maxlength=\"100\" autocomplete=\"off\" name=\"s2member_pro_paypal_registration[password1]\" id=\"s2member-pro-paypal-registration-password1\" class=\"s2member-pro-paypal-password1 s2member-pro-paypal-registration-password1 form-control\" value=\"\" tabindex=\"50\" \/>\n\t\t\t<\/label>\n\t\t\t<input type=\"password\" maxlength=\"100\" autocomplete=\"off\" name=\"s2member_pro_paypal_registration[password2]\" id=\"s2member-pro-paypal-registration-password2\" class=\"s2member-pro-paypal-password2 s2member-pro-paypal-registration-password2 form-control\" value=\"\" tabindex=\"60\" \/>\n\t\t\t<div id=\"s2member-pro-paypal-registration-form-password-strength\" class=\"ws-plugin--s2member-password-strength s2member-pro-paypal-form-password-strength s2member-pro-paypal-registration-form-password-strength\"><em>password strength indicator<\/em><\/div>\n\t\t<\/div>\n\t\t<div style=\"clear:both;\"><\/div>\n\t<\/div>\n\n\t<!-- Custom Fields (Custom Registration\/Profile Fields will appear here, when\/if they've been configured). -->\n\t<div id=\"s2member-pro-paypal-registration-form-custom-fields-section\" class=\"s2member-pro-paypal-form-section s2member-pro-paypal-registration-form-section s2member-pro-paypal-form-custom-fields-section s2member-pro-paypal-registration-form-custom-fields-section\">\n<div id=\"s2member-pro-paypal-registration-form-custom-fields-section-title\" class=\"s2member-pro-paypal-form-section-title s2member-pro-paypal-registration-form-section-title s2member-pro-paypal-form-custom-fields-section-title s2member-pro-paypal-registration-form-custom-fields-section-title\">\nKompletterande uppgifter\n<\/div>\n<div id=\"s2member-pro-paypal-registration-form-custom-reg-field-sysselsattning-div\" class=\"s2member-pro-paypal-form-div s2member-pro-paypal-registration-form-div s2member-pro-paypal-form-custom-reg-field-sysselsattning-div s2member-pro-paypal-registration-form-custom-reg-field-sysselsattning-div\">\n<label for=\"s2member-pro-paypal-registration-custom-reg-field-sysselsattning\" id=\"s2member-pro-paypal-registration-form-custom-reg-field-sysselsattning-label\" class=\"s2member-pro-paypal-form-custom-reg-field-sysselsattning-label s2member-pro-paypal-registration-form-custom-reg-field-sysselsattning-label\">\n<span>Yrke\/titel\/syssels\u00e4ttning<\/span><\/label><br \/>\n<input type=\"text\" maxlength=\"100\" autocomplete=\"off\" value=\"\" name=\"s2member_pro_paypal_registration[custom_fields][sysselsattning]\" id=\"s2member-pro-paypal-registration-custom-reg-field-sysselsattning\" tabindex=\"100\" class=\"s2member-pro-paypal-custom-reg-field-sysselsattning s2member-pro-paypal-registration-custom-reg-field-sysselsattning form-control\" \/><\/div>\n<div id=\"s2member-pro-paypal-registration-form-custom-reg-field-organisation-div\" class=\"s2member-pro-paypal-form-div s2member-pro-paypal-registration-form-div s2member-pro-paypal-form-custom-reg-field-organisation-div s2member-pro-paypal-registration-form-custom-reg-field-organisation-div\">\n<label for=\"s2member-pro-paypal-registration-custom-reg-field-organisation\" id=\"s2member-pro-paypal-registration-form-custom-reg-field-organisation-label\" class=\"s2member-pro-paypal-form-custom-reg-field-organisation-label s2member-pro-paypal-registration-form-custom-reg-field-organisation-label\">\n<span>F\u00f6retag\/organisation<\/span><\/label><br \/>\n<input type=\"text\" maxlength=\"100\" autocomplete=\"off\" value=\"\" name=\"s2member_pro_paypal_registration[custom_fields][organisation]\" id=\"s2member-pro-paypal-registration-custom-reg-field-organisation\" tabindex=\"101\" class=\"s2member-pro-paypal-custom-reg-field-organisation s2member-pro-paypal-registration-custom-reg-field-organisation form-control\" \/><\/div>\n<div id=\"s2member-pro-paypal-registration-form-custom-reg-field-telnr-div\" class=\"s2member-pro-paypal-form-div s2member-pro-paypal-registration-form-div s2member-pro-paypal-form-custom-reg-field-telnr-div s2member-pro-paypal-registration-form-custom-reg-field-telnr-div\">\n<label for=\"s2member-pro-paypal-registration-custom-reg-field-telnr\" id=\"s2member-pro-paypal-registration-form-custom-reg-field-telnr-label\" class=\"s2member-pro-paypal-form-custom-reg-field-telnr-label s2member-pro-paypal-registration-form-custom-reg-field-telnr-label\">\n<span>Telefon-\/mobilnummer<\/span><\/label><br \/>\n<input type=\"text\" maxlength=\"100\" autocomplete=\"off\" value=\"\" name=\"s2member_pro_paypal_registration[custom_fields][telnr]\" id=\"s2member-pro-paypal-registration-custom-reg-field-telnr\" tabindex=\"102\" class=\"s2member-pro-paypal-custom-reg-field-telnr s2member-pro-paypal-registration-custom-reg-field-telnr form-control\" \/><\/div>\n<div id=\"s2member-pro-paypal-registration-form-custom-reg-field-ansokan-bekraftat-div\" class=\"s2member-pro-paypal-form-div s2member-pro-paypal-registration-form-div s2member-pro-paypal-form-custom-reg-field-ansokan-bekraftat-div s2member-pro-paypal-registration-form-custom-reg-field-ansokan-bekraftat-div\">\n<label for=\"s2member-pro-paypal-registration-custom-reg-field-ansokan-bekraftat\" id=\"s2member-pro-paypal-registration-form-custom-reg-field-ansokan-bekraftat-label\" class=\"s2member-pro-paypal-form-custom-reg-field-ansokan-bekraftat-label s2member-pro-paypal-registration-form-custom-reg-field-ansokan-bekraftat-label\">\n<span style=\"display:none;\">Jag vill vara medlem i Terminologifr\u00e4mjandet och \u00e4r medveten om att de personuppgifter jag l\u00e4mnat kommer att anv\u00e4ndas f\u00f6r f\u00f6reningens administration. *<\/span><\/label>\n<input type=\"checkbox\" value=\"1\" name=\"s2member_pro_paypal_registration[custom_fields][ansokan_bekraftat]\" id=\"s2member-pro-paypal-registration-custom-reg-field-ansokan-bekraftat\" aria-required=\"true\" tabindex=\"103\" class=\"s2member-pro-paypal-custom-reg-field-ansokan-bekraftat s2member-pro-paypal-registration-custom-reg-field-ansokan-bekraftat\" \/> <label for=\"s2member-pro-paypal-registration-custom-reg-field-ansokan-bekraftat\" style=\"display:inline !important; margin:0 !important;\">Jag vill vara medlem i Terminologifr\u00e4mjandet och \u00e4r medveten om att de personuppgifter jag l\u00e4mnat kommer att anv\u00e4ndas f\u00f6r f\u00f6reningens administration.<\/label><\/div>\n<div id=\"s2member-pro-paypal-registration-form-custom-reg-field-ansokan-bakgrund-div\" class=\"s2member-pro-paypal-form-div s2member-pro-paypal-registration-form-div s2member-pro-paypal-form-custom-reg-field-ansokan-bakgrund-div s2member-pro-paypal-registration-form-custom-reg-field-ansokan-bakgrund-div\">\n<label for=\"s2member-pro-paypal-registration-custom-reg-field-ansokan-bakgrund\" id=\"s2member-pro-paypal-registration-form-custom-reg-field-ansokan-bakgrund-label\" class=\"s2member-pro-paypal-form-custom-reg-field-ansokan-bakgrund-label s2member-pro-paypal-registration-form-custom-reg-field-ansokan-bakgrund-label\">\n<span>Kort om din bakgrund och ditt intresse f\u00f6r terminologi (i samband med ans\u00f6kan) *<\/span><\/label><br \/>\n<textarea rows=\"3\" name=\"s2member_pro_paypal_registration[custom_fields][ansokan_bakgrund]\" id=\"s2member-pro-paypal-registration-custom-reg-field-ansokan-bakgrund\" aria-required=\"true\" tabindex=\"104\" class=\"s2member-pro-paypal-custom-reg-field-ansokan-bakgrund s2member-pro-paypal-registration-custom-reg-field-ansokan-bakgrund form-control\"><\/textarea><\/div>\n<\/div>\n\n\n\t<!-- Captcha ( A reCaptcha section, with a required security code will appear here; if captcha=\"1\" ). -->\n\t\n\n\t<!-- Complete Registration (this holds the submit button, and also some dynamic hidden input variables). -->\n\t<div id=\"s2member-pro-paypal-registration-form-submission-section\" class=\"s2member-pro-paypal-form-section s2member-pro-paypal-registration-form-section s2member-pro-paypal-form-submission-section s2member-pro-paypal-registration-form-submission-section\">\n\t\t<div id=\"s2member-pro-paypal-registration-form-submission-section-title\" class=\"s2member-pro-paypal-form-section-title s2member-pro-paypal-registration-form-section-title s2member-pro-paypal-form-submission-section-title s2member-pro-paypal-registration-form-submission-section-title\">\n\t\t\tSlutf\u00f6r ans\u00f6kan\t\t<\/div>\n\t\t <!-- s2Member will fill this when\/if there are list servers integrated, and the Opt-In Box is turned on. -->\n\t\t<div id=\"s2member-pro-paypal-registration-form-submit-div\" class=\"s2member-pro-paypal-form-div s2member-pro-paypal-registration-form-div s2member-pro-paypal-form-submit-div s2member-pro-paypal-registration-form-submit-div\">\n\t\t\t<input type=\"hidden\" name=\"s2member_pro_paypal_registration[nonce]\" id=\"s2member-pro-paypal-registration-nonce\" value=\"28f0a75731\" \/><input type=\"hidden\" id=\"s2member-pro-paypal-registration-password-not-required-or-not-possible\" value=\"1\" \/><input type=\"hidden\" name=\"s2member_pro_paypal_registration[attr]\" id=\"s2member-pro-paypal-registration-attr\" value=\"ZGVmNTAyMDAwYjhkNjZmYjQxMjM3ZTFkMmVjMWIyYjBhNzVlY2Y1ZDllZGJlMDk0YWFlOTFlZjU4NDRlN2VkZGYwZTNhNDhlZjdiZGY2YmU5MmVmNGZkMWVlNTA4NWUzY2FhMzQ1NWIyMDMxMGJkOWU0ODhjNTFhYWYzZWY5ZGQwNzI4NTIyM2FkOTQwOWNlMDk0NWU3N2EzOTJmNTc0NzhjMmI4NjlmYzYwNGQ0MGUzOWJlMjYzMDc4MzVjNmRiOWY1YThjYmVjNDg3MmY2ZTc1MTI3ZDM1ZGFhNjNiZTM3ZWVkOTllZmY2OWY0NjA1YzBjODhlYWI1NTFlZWI1NTQ4NGExYzQ0Y2ZlZWUzZjZiYWUzZDhhNTIyYmY1MGMyNDNmYjAyZjU4ZDVkZmI4MjRjNGQ2NzViM2I0NzgyN2Y0YzE4MmExZjlhMzY4ZmNhZjVhZjhkOTNlMTdjZjJmOGZkYjZhNzM5MmI4ODM4Y2ZlZGI0MWEwYjdlYTY1Y2EwN2Y1MmJiMDEwNTM3NDY4ZWJjZGMyNTc5ZmVkN2MxMzhlYjIyN2RkMDVhNmM4N2ZmOWRmNjM2Y2Q1ZDM0MGQwMTZmYzNlMGYwOGVlZGU3YWZlNjIzNTI4MDEwZTQ0OWFiMjQwY2JkNTI4NjI3NWVmZjdhZDljMjRkNTg4NjA3ZjE0ODY2Y2ViZjgwNTY5ZjlkMDQ3ZTc1NWExMGQyOWU1NjU5NTllY2E3NGNjZmI4NmNlZjRmNzI5Y2U4ZjgyZWI4NWZkZjJkYWI4MzA0ZTA2YTc3YzE4YzdlNTQzZGYzOTA5NzQ4MDBlNGRjY2JjYWU1ZDQ0ZDdjZTcwMDY4NjZiZTE5OTk3NWI3NjRlMzM2MGI0ZTZjYmE0M2MxMWFkMTM1NTc3NjJmYjRiNzAxMTUyY2FiZGE3MTFiZDFiYWU5NjE0MWZhZWE0MGEwNzkyNDU2ZmI4NTdmZWE5MGQ5MmU0ZmUxYjBlMzRkYTQzYjIwNmNiMTFlMWI0NGFlYzcwZTZiOGFkYjM5ZWYyNzk0MzRhOWJmMGM2MGE2OTE0ODhlZGNkZGUxZjU0YWY4Y2RlNjgzMzZmNGE3Y2Q4MzJiNWNhYWE4MDNiNzYyMDM0YzczMjg3NTU5ZTkwZTBkNDBjM2Y1MjhlOWNkYjMyZTE0ODJjZWNkY2ZlOWZhYjU4MTg1ZDQ2YjA4NWFjOGEwNmI3NmMyNTJiMGJmMjRkZjk4YTE2YTRmZjU5YjVlMTg1MjUxMDAyODdjZmI3OTQwODIyNzM0MWYwNTRiZTAwMDc4Mjg3ZTU3YjVmZjZmNjUyNDZiYjcxMTMxN2ZjZmExZGFjNzkzNzg5OWViZDRlMzZiZWQ2OGM3Y2JmNWIzZjhlZmEzYTgzOTE5MzRlNGVhZDhhNDBmODM2YTNiNDZkYjhkMTQ5MzBhMGYwMzFiODlkOGIwZmVlOGM5ZjQ0MTk1MmU3MGY2MDI3MDI0NjFhMThjZTg4ODBmNGVmYjIyOTdiOThiNjA3M2M2ODBjZjZjMTJmM2VkMjc2NmFmMGQzNDIxODg4ZGMzMDk0ZWY1ZjQzYjNhYmFmZmFiODIxYzQ3ZGQwOWJiZThhNGEwOTgwMWRjZTVlNTMzODA3NDFiYjQ3ZWMyYmUyZWZkZTk4NDEzOTVhM2YwNWU4NGQ0NmRkNGFiYWZhMDdlNGFiOWMyYmVmZDBmMzM2NmQ2MjgxNGQxYzJjMjFkNzRhNzlkMzNkZTFlNDg1NjgyNmFmNDg4NTE2MDRjMjU3OGI1NjRjOGQwMmVmMTM1ZWU0YWJhYjFmYjg4M2I1NjViZjM0YmEwN2I2YTkxZDg2M2E2ZDI1YjBmNTBjM2VjNWI5YzgyOGQ3MjI5NWUyNWIyYTRlZjUzMWFiMWRkN2I1MWUyYzRlNGI5ZDU3OTNlZDk0ZjBhZDk5YWUwZTMxMzY4NzlkN2U5NjU0MzgzM2U1ZTRhN2YyMDgyYmQ4M2QzOWM4N2FjODE5MjQ2NmYxYWUyNTU4N2I2NTYyYTQzNzFiMjk4ODBjNjI0MTJhZmNkM2NlMzg0MzQyMzJhYjk1OWY4OThiOTE1ZjQxMTgxMDNmOWVkOWY4ZTdlNDlmOTdhZDFiMzA2MTU0Y2UyZjEzNWI3YWFjNDc2YTE5OGQ0OWJkMzcxMjY0YTU2NDlhZDUwNjJmN2IzNTZlYzRiNmI3ZjNiZGRkYmUzOTg5NDY1ZmNmNWJkZjA1MDhjNTE3YmFkYzRmNTQ2Zjc0MzE3N2Q1NTE5ZmYwYzMxMGQ5ODFjYWQzYmYxNWQyZGIzNmJiNTRmYjNlZDRlOGM5Yjk2MWUzZmI2NTIzM2IzOTczNWFiMjBkOGI2MzBhN2FjNTM1MzE1ZTA3Mzc2OWJhOWNjNGVhY2E5YzE3ZmZkNzRmYTk3YmI0M2E4MDI4YjczMzcyZWVkNGVjNmU2OTE0NDk2OWMzMDkxY2M5NThjMzEwYTBhOTE1NjA0NTc2N2QxYmRmYTI5NzI0MjI3YzFlZTEyOWE3ZmRkZTQzZGI5MWFhNWQwMTY5MDg1MmZlMzE3NjZkMTk1ZjAzZWE4NjRjYzdlNTQwNmJmOTdkNmM4MjJhNjAxYTM3NzZjODVjYzIyNjFiYjc5MmJhMWNhMGU4NTFiZDYwYTNhODBhMmFjODFlNWFiZTRmMDZiYzY\" \/><input type=\"hidden\" id=\"s2member-pro-paypal-lang-attr\" value=\"sv_SE\" \/> <!-- Auto-filled by the s2Member software. Do NOT remove this under any circumstance. -->\n\t\t\t<button type=\"submit\" id=\"s2member-pro-paypal-registration-submit\" class=\"s2member-pro-paypal-submit s2member-pro-paypal-registration-submit btn btn-primary\" tabindex=\"400\">Skicka<\/button>\n\t\t<\/div>\n\t\t<div style=\"clear:both;\"><\/div>\n\t<\/div>\n<\/form>\n","protected":false},"excerpt":{"rendered":"<p>H\u00e4r kan du ans\u00f6ka om medlemskap i Terminologifr\u00e4mjandet. B\u00f6rja med att skapa ett anv\u00e4ndarkonto p\u00e5 denna webbplats. Om vi bekr\u00e4ftar ditt medlemskap \u2013 besked kommer inom tv\u00e5 veckor \u2013 kan&hellip;<\/p>\n","protected":false},"author":1,"featured_media":0,"parent":0,"menu_order":0,"comment_status":"closed","ping_status":"closed","template":"","meta":{"footnotes":""},"class_list":["post-7214","page","type-page","status-publish","hentry"],"_links":{"self":[{"href":"https:\/\/terminologiframjandet.se\/h552a9FtZ\/wp-json\/wp\/v2\/pages\/7214","targetHints":{"allow":["GET"]}}],"collection":[{"href":"https:\/\/terminologiframjandet.se\/h552a9FtZ\/wp-json\/wp\/v2\/pages"}],"about":[{"href":"https:\/\/terminologiframjandet.se\/h552a9FtZ\/wp-json\/wp\/v2\/types\/page"}],"author":[{"embeddable":true,"href":"https:\/\/terminologiframjandet.se\/h552a9FtZ\/wp-json\/wp\/v2\/users\/1"}],"replies":[{"embeddable":true,"href":"https:\/\/terminologiframjandet.se\/h552a9FtZ\/wp-json\/wp\/v2\/comments?post=7214"}],"version-history":[{"count":16,"href":"https:\/\/terminologiframjandet.se\/h552a9FtZ\/wp-json\/wp\/v2\/pages\/7214\/revisions"}],"predecessor-version":[{"id":8177,"href":"https:\/\/terminologiframjandet.se\/h552a9FtZ\/wp-json\/wp\/v2\/pages\/7214\/revisions\/8177"}],"wp:attachment":[{"href":"https:\/\/terminologiframjandet.se\/h552a9FtZ\/wp-json\/wp\/v2\/media?parent=7214"}],"curies":[{"name":"wp","href":"https:\/\/api.w.org\/{rel}","templated":true}]}}