{"id":7488,"date":"2023-01-04T13:06:44","date_gmt":"2023-01-04T12:06:44","guid":{"rendered":"https:\/\/terminologiframjandet.se\/h552a9FtZ\/?page_id=7488"},"modified":"2023-01-04T13:11:40","modified_gmt":"2023-01-04T12:11:40","slug":"terminologitjanster","status":"publish","type":"page","link":"https:\/\/terminologiframjandet.se\/h552a9FtZ\/terminologitjanster\/","title":{"rendered":"Terminologitj\u00e4nster"},"content":{"rendered":"\n<div class=\"wp-block-query is-layout-flow wp-block-query-is-layout-flow\"><ul class=\"wp-block-post-template is-layout-flow wp-block-post-template-is-layout-flow\"><li class=\"wp-block-post post-5986 page type-page status-publish hentry\">\n\n<div class=\"wp-block-group\" style=\"padding-top:30px;padding-right:30px;padding-bottom:30px;padding-left:30px\"><div class=\"wp-block-group__inner-container is-layout-flow wp-block-group-is-layout-flow\"><h2 class=\"wp-block-post-title\"><a href=\"https:\/\/terminologiframjandet.se\/h552a9FtZ\/terminologitjanster\/hitta-terminolog-tfs-register\/\" target=\"_self\" >Hitta terminolog \u2013 Terminologifr\u00e4mjandets konsultlista<\/a><\/h2>\n\n<div class=\"wp-block-post-excerpt\"><p class=\"wp-block-post-excerpt__excerpt\">Terminologifr\u00e4mjandet har skapat en s\u00f6ktj\u00e4nst f\u00f6r personer och organisationer som beh\u00f6ver hj\u00e4lp med sin termi\u00adnologi\u00adhan\u00adte\u00adring. Vi kallar den Terminologifr\u00e4mjandets konsultlista och p\u00e5 den kan konsulter som erbjuder terminologitj\u00e4nster registrera sig.&hellip; <a class=\"wp-block-post-excerpt__more-link\" href=\"https:\/\/terminologiframjandet.se\/h552a9FtZ\/terminologitjanster\/hitta-terminolog-tfs-register\/\">[L\u00e4s mer]<\/a><\/p><\/div><\/div><\/div>\n\n<\/li><li class=\"wp-block-post post-5984 page type-page status-publish hentry\">\n\n<div class=\"wp-block-group\" style=\"padding-top:30px;padding-right:30px;padding-bottom:30px;padding-left:30px\"><div class=\"wp-block-group__inner-container is-layout-flow wp-block-group-is-layout-flow\"><h2 class=\"wp-block-post-title\"><a href=\"https:\/\/terminologiframjandet.se\/h552a9FtZ\/terminologitjanster\/att-bestalla-terminologitjanster\/\" target=\"_self\" >Att best\u00e4lla terminologitj\u00e4nster<\/a><\/h2>\n\n<div class=\"wp-block-post-excerpt\"><p class=\"wp-block-post-excerpt__excerpt\">Om n\u00e5got av f\u00f6ljande p\u00e5st\u00e5enden s\u00e4gs i en verksamhet \u00e4r det troligen tecken p\u00e5 att det \u00e4r dags att anlita en terminolog: Det f\u00f6rekommer ofta att olika grupper som beh\u00f6ver&hellip; <a class=\"wp-block-post-excerpt__more-link\" href=\"https:\/\/terminologiframjandet.se\/h552a9FtZ\/terminologitjanster\/att-bestalla-terminologitjanster\/\">[L\u00e4s mer]<\/a><\/p><\/div><\/div><\/div>\n\n<\/li><\/ul><\/div>\n","protected":false},"excerpt":{"rendered":"","protected":false},"author":1,"featured_media":0,"parent":0,"menu_order":0,"comment_status":"closed","ping_status":"closed","template":"","meta":{"footnotes":""},"_links":{"self":[{"href":"https:\/\/terminologiframjandet.se\/h552a9FtZ\/wp-json\/wp\/v2\/pages\/7488"}],"collection":[{"href":"https:\/\/terminologiframjandet.se\/h552a9FtZ\/wp-json\/wp\/v2\/pages"}],"about":[{"href":"https:\/\/terminologiframjandet.se\/h552a9FtZ\/wp-json\/wp\/v2\/types\/page"}],"author":[{"embeddable":true,"href":"https:\/\/terminologiframjandet.se\/h552a9FtZ\/wp-json\/wp\/v2\/users\/1"}],"replies":[{"embeddable":true,"href":"https:\/\/terminologiframjandet.se\/h552a9FtZ\/wp-json\/wp\/v2\/comments?post=7488"}],"version-history":[{"count":3,"href":"https:\/\/terminologiframjandet.se\/h552a9FtZ\/wp-json\/wp\/v2\/pages\/7488\/revisions"}],"predecessor-version":[{"id":8096,"href":"https:\/\/terminologiframjandet.se\/h552a9FtZ\/wp-json\/wp\/v2\/pages\/7488\/revisions\/8096"}],"wp:attachment":[{"href":"https:\/\/terminologiframjandet.se\/h552a9FtZ\/wp-json\/wp\/v2\/media?parent=7488"}],"curies":[{"name":"wp","href":"https:\/\/api.w.org\/{rel}","templated":true}]}}